s(t) = -9*t + 30*t + 19 - t**2 - 13*t. What is the remainder when 56 is divided by s(9)?
6
Let y(g) = 3*g - 7. Suppose -10 = -3*q - 1. Let a be y(q). Suppose -1 = -a*j + 1. What is the remainder when j is divided by 1?
0
Let c be ((-8)/(-10))/(2/5). Suppose 0 = -j - c + 5. Suppose 0 = 6*w - 2*w - 16, -4*a + 44 = -2*w. What is the remainder when a is divided by j?
1
Suppose 0*p = 5*p - 190. What is the remainder when p is divided by (-2)/4*-98*30/105?
10
Let k = 6 + 6. Suppose 15*n = k*n. What is the remainder when 60 is divided by (-6 - n)/((-15)/40)?
12
Suppose 35*t - 5*t - 1680 = 0. What is the remainder when 501 is divided by t?
53
Let r(i) = 15*i + 1118. What is the remainder when r(15) is divided by 32?
31
Calculate the remainder when ((-2)/10*16)/(1/(-5)) is divided by 9.
7
Suppose 26*v - 47 = 161. Calculate the remainder when 14 is divided by v.
6
Suppose 4*d = -2*m - 3*m + 223, 0 = 2*m - 4*d - 106. What is the remainder when m is divided by 28?
19
Let r = 105 - 86. Suppose u - 11 = -3*c, c = 3*u + 3*c - r. What is the remainder when 74 is divided by u?
4
Let i(n) = -n**3 + 3*n**2 + 7*n. Let c be i(5). Let t be (24/c)/(4/(-10)). Calculate the remainder when 18 is divided by 4 + -5 + (t - -2).
3
Let n be 2 + -12 + -2 - 2. Suppose 0 = -15*p + 16*p + 4. Calculate the remainder when p/(-3)*(-231)/n is divided by 13.
9
Let d(s) = 4*s**2 + 2*s - 2. Let x be d(1). What is the remainder when 13 is divided by (-3)/((36/(-15))/x)?
3
Suppose 74 = 3*x + 8. Suppose 4*d - 536 = -4*o, 0 = 7*o - 9*o - 3*d + 272. Calculate the remainder when o is divided by x.
20
Let p(h) = 6*h + 10. Let n be p(-9). Let j = 49 + n. Let y(z) = z**3 - 7*z**2 + z. Calculate the remainder when y(7) is divided by j.
2
Suppose -4*z = 8, 5*c = z + 21 - 4. What is the remainder when 6 is divided by (c - 2) + 10/5?
0
Let i = -915 - -991. What is the remainder when 303 is divided by i?
75
Suppose -13*n + 17 + 87 = 0. What is the remainder when 10 is divided by n?
2
Suppose -32*m = -30*m - 210. Suppose m = s + 3*s - 3*p, 3*p - 39 = -2*s. What is the remainder when 47 is divided by s?
23
Calculate the remainder when 257 is divided by 6 - 46*4/(-8).
25
Suppose 0 = -4*p - x + 1273, 2*p = -x + 662 - 23. Calculate the remainder when p is divided by 84.
65
Let q = -77 + 41. Let z = 44 + q. Suppose -39 = -0*p - 3*p. What is the remainder when p is divided by z?
5
Let d(t) = 17*t**2 - 4*t + 33. Let s = 148 - 104. Calculate the remainder when d(3) is divided by s.
42
What is the remainder when 65 is divided by ((-550)/200)/(2/(-8))?
10
Suppose 2*l - 167 + 153 = 0. What is the remainder when 68 is divided by l?
5
Let b = -43 - -288. What is the remainder when b is divided by 31?
28
Let m(c) = -c**3 + 11*c**2 - 18*c - 27. Calculate the remainder when 514 is divided by m(7).
41
Let c = -2890 - -4380. What is the remainder when c is divided by 18?
14
Let t(w) = -w**2 + 8*w - 3. Suppose -5*a = -4*b + 412, -a - a - 164 = -2*b. What is the remainder when (2 - 0)*a/(-8) is divided by t(5)?
9
Let v = -224 - -227. Calculate the remainder when 16 is divided by v.
1
Let h = 128 + -90. Suppose 0 = -v + 3*v - h. Calculate the remainder when v is divided by 4.
3
Let l = 1135 - 940. Calculate the remainder when l is divided by 9.
6
Suppose 4*m - 2539 + 559 = 0. Suppose -m + 111 = -3*o. Suppose 58 = 3*w - o. What is the remainder when w is divided by 16?
14
Suppose -11*p + 15 = -8*p. Suppose p*d = 37 + 178. What is the remainder when d is divided by 24?
19
Let r(c) = 3*c**2 + 2*c - 8. Let u = 63 - 67. Calculate the remainder when r(u) is divided by 13.
6
Suppose a = -a - 5*s - 11, s - 7 = -5*a. Suppose -g = 3*g - 4*n - 20, 4*g - 23 = 5*n. What is the remainder when 71 is divided by 82/2 - (a + g)?
34
Suppose -5*b - 60 = -0*a + 3*a, 4*b + 41 = -a. Let q = 15 + b. Calculate the remainder when 16/1 + 0/3 is divided by q.
4
Let f(g) be the second derivative of g**4/4 - 5*g**3/3 + g**2/2 - 10*g. Calculate the remainder when f(4) is divided by 6.
3
Let f be (-1)/((-300)/(-99) - 3). Let j = 4 - f. Suppose 0 = -5*w + 25, -4*h - 5*w = -36 - 29. What is the remainder when j is divided by h?
7
Let i = 2 + -38. Let r = -33 - i. Suppose 6*l = r*l + 153. Calculate the remainder when l is divided by 13.
12
What is the remainder when (80/200)/((-418)/210 + 2) is divided by (-6)/(((-6)/5)/3)?
12
What is the remainder when 59 is divided by ((-376)/18 + 4/(-36))*-1?
17
Let h(d) = 2*d - d + 5*d - 2*d + 3. Let m(b) = 4*b + 2. Let p(i) = 4*h(i) - 5*m(i). What is the remainder when 52 is divided by p(-4)?
16
Let v be (-4*1)/(6/(-3)). Suppose v*l - 5*i - 45 = 2, 50 = 5*l + i. What is the remainder when 28 is divided by l?
6
Let i = 113 + -102. Suppose i*h - 392 = -62. What is the remainder when 118 is divided by h?
28
Suppose 5*p + 133 = 18. Let r = p - -41. Let m(j) = j**2 - j - 7. What is the remainder when m(-6) is divided by r?
17
Suppose 103*p - 21720 = 43*p. Calculate the remainder when p is divided by 129.
104
Let i = 59 - -16. Let p be 1/(-1 - (-4)/5) - -2. Calculate the remainder when i is divided by ((-57)/(-6))/(p/2 + 2).
18
Calculate the remainder when 570 is divided by (-1562)/(-213)*(2 - -1).
20
Let o = 277 + -271. Let l(p) = -p**2 + 5*p + 8. Let m be l(6). Suppose z + 2*b = 27, -2*b = m*b - 20. Calculate the remainder when z is divided by o.
5
Let r = -5 + 15. Let w(i) = -31*i + 32. Let q(l) = 21*l - 21. Let o(t) = -7*q(t) - 5*w(t). Calculate the remainder when o(5) is divided by r.
7
Suppose -k = -38 + 20. Calculate the remainder when 106 is divided by k.
16
Let c = 3 - 2. Let o(w) = 34*w - 1. Let p = -1 + 13. What is the remainder when o(c) is divided by p?
9
Let s = -873 + 1035. Calculate the remainder when s is divided by 42.
36
Suppose 2*s - 6 = 0, 6*s + 165 = 3*g + 11*s. What is the remainder when g is divided by 14?
8
Let l = -5 - -10. Let a = l + 12. Suppose -5*m + 2*r + 70 = 0, r - 4*r - a = -2*m. What is the remainder when 31 is divided by m?
15
Suppose 126 = 257*r - 243*r. Calculate the remainder when 94 is divided by r.
4
Let z = 15 - -7. Suppose -q + b = 0, q - b = 2*b. Suppose 5*o - 60 = -q*o. Calculate the remainder when z is divided by o.
10
Let y = -59 - -79. Suppose 120 = 5*f - y. What is the remainder when 137 is divided by f?
25
Suppose 52*k - 7290 = 25*k. Calculate the remainder when k is divided by 38.
4
Let m = -1239 + 1284. What is the remainder when m is divided by 35?
10
Suppose 0 = 3*r - 6, -650 = -4*z - 59*r + 64*r. What is the remainder when z is divided by 19?
13
Let x(q) = -9 + 8*q - 5*q + 2. What is the remainder when 74 is divided by x(6)?
8
Calculate the remainder when 85 is divided by (-5 + 12)*4 + -10.
13
Suppose 5*p + t = -215, 89 = -0*p - 2*p - t. Let f = p + 49. Suppose 4*a = -2*x - a + 70, x = 4*a + 9. What is the remainder when x is divided by f?
4
Let t be ((-3)/(-1))/(0 + 1 + 0). Suppose 0 = -t*x + 3*w - 6*w + 18, 3*x + 2*w = 21. Calculate the remainder when 17 is divided by x.
8
Let v(k) = -9*k - 174. What is the remainder when 65 is divided by v(-21)?
5
Suppose 0 = -3*y - 3*l, -5*l - 25 - 15 = -5*y. Suppose -a - 4 = 0, -4*m + 5*m - y*a = 31. What is the remainder when m is divided by 4?
3
Let l = -471 + 684. Calculate the remainder when l is divided by (-19)/(209/(-242)) - -14.
33
Let g(t) = t**3 - 10*t**2 + 3*t. Suppose -4*k - 5*o = k - 55, -4*k = 5*o - 44. Calculate the remainder when g(k) is divided by 52.
50
Suppose 3*o = -2*u + 168, 81 + 178 = 3*u + o. Calculate the remainder when u is divided by 15.
12
Let m(o) = -3*o + 13. Let t be m(6). Let k be (2/t)/((-7)/70). Suppose 0 = j - k*r - 3 - 12, -18 = -j + r. Calculate the remainder when j is divided by 11.
8
Suppose 5*t + 40*l = 43*l + 13, -4*l - 4 = 0. Suppose -5*y + 6 = 2*f, -7 = -5*y - f - 4. Suppose -2*g = -y*g - 6. What is the remainder when g is divided by t?
1
Let l = 38 - 78. Let a = -29 - l. What is the remainder when 32 is divided by a?
10
Let r = 16 + 1. Let d(y) = -14*y + 19. Let g be d(6). Let z = g - -71. What is the remainder when r is divided by z?
5
Let h(s) = s**3 - 4*s**2 - 60*s + 281. Let z = 79 + -28. Calculate the remainder when z is divided by h(5).
3
Let w(t) = 3*t**2 + 2*t + 1. What is the remainder when (-680)/(-8)*(-2)/(-10) is divided by w(-2)?
8
Suppose 0*u + 4*u - 20 = 0. Suppose -